or of 1344 and 2620296.
168
Calculate the highest common divisor of 12246 and 43108.
26
Calculate the greatest common divisor of 25337203 and 2204.
19
What is the greatest common divisor of 892668 and 23037?
21
Calculate the greatest common factor of 3624 and 157389112.
1208
Calculate the greatest common divisor of 44196 and 62988.
348
Calculate the highest common factor of 401149 and 1496.
17
What is the highest common factor of 1620 and 25542540?
1620
What is the highest common factor of 478481906 and 14?
14
What is the greatest common divisor of 162210 and 4590?
30
Calculate the highest common factor of 2205957 and 51.
3
What is the highest common divisor of 405 and 142125?
15
What is the highest common factor of 4719714 and 22686?
114
What is the greatest common divisor of 15222 and 3635934?
354
What is the highest common factor of 136047438 and 54?
54
Calculate the highest common factor of 1782370 and 7350.
10
What is the greatest common divisor of 12190122 and 8672?
542
Calculate the greatest common factor of 31 and 211269991.
31
Calculate the greatest common factor of 41691822 and 1005.
201
What is the highest common factor of 1932 and 5749149?
483
Calculate the highest common factor of 535955 and 3955.
35
Calculate the greatest common factor of 333229 and 143.
13
Calculate the greatest common divisor of 733188 and 6756.
12
Calculate the greatest common factor of 213005 and 1272154.
1469
What is the highest common factor of 3567 and 30896247?
123
What is the greatest common divisor of 3213286574 and 38?
38
Calculate the highest common factor of 13570348 and 3.
1
Calculate the greatest common factor of 23338 and 4942.
14
Calculate the highest common divisor of 76440 and 200.
40
Calculate the greatest common factor of 3229240 and 31160.
760
Calculate the highest common factor of 1632 and 47304372.
12
Calculate the highest common factor of 27398 and 15021314.
1442
What is the greatest common divisor of 1054520 and 43460?
820
What is the greatest common divisor of 256026 and 52824?
426
Calculate the greatest common divisor of 662398847 and 33.
11
What is the highest common divisor of 22 and 373366422?
22
What is the greatest common divisor of 5415 and 72710815?
1805
Calculate the greatest common factor of 1937327904 and 6624.
6624
Calculate the greatest common factor of 3504832 and 299.
23
What is the highest common factor of 78 and 244562487?
39
What is the highest common divisor of 16700 and 5455100?
100
Calculate the greatest common divisor of 204 and 4382892.
12
Calculate the greatest common divisor of 242 and 584687004.
242
What is the highest common divisor of 38910755 and 636805?
6565
Calculate the highest common factor of 602 and 6673815946.
602
What is the highest common divisor of 1389371881 and 727?
727
What is the greatest common factor of 8181 and 732856?
101
Calculate the highest common divisor of 989668 and 5614.
802
What is the highest common factor of 38418 and 13876986?
2022
What is the highest common divisor of 382041 and 343431?
99
Calculate the highest common divisor of 19928068 and 2328.
388
Calculate the greatest common divisor of 38 and 56357591.
19
What is the highest common divisor of 76374442 and 498?
166
Calculate the highest common factor of 18663699 and 426.
213
Calculate the highest common divisor of 46709 and 12623.
13
Calculate the highest common divisor of 14328864 and 28512.
3168
What is the highest common divisor of 78 and 1083304482?
78
What is the greatest common factor of 384 and 369829248?
384
What is the greatest common factor of 224 and 117473748?
28
Calculate the greatest common divisor of 135388 and 40.
4
What is the greatest common factor of 377 and 217297?
29
What is the highest common factor of 336 and 107485224?
168
What is the highest common factor of 509881947 and 7989?
7989
Calculate the highest common divisor of 26352927 and 153.
9
What is the greatest common divisor of 3 and 14148081?
3
Calculate the greatest common factor of 1652153 and 335.
67
What is the greatest common factor of 879943 and 2403?
89
Calculate the greatest common divisor of 43497361 and 4205.
841
What is the highest common divisor of 12189 and 8466?
51
What is the highest common divisor of 129236193 and 21456?
1341
Calculate the greatest common divisor of 90816 and 1455168.
2112
Calculate the greatest common factor of 6072825 and 561.
561
Calculate the highest common factor of 1029 and 15032703.
21
Calculate the greatest common factor of 114315796 and 58.
58
Calculate the greatest common divisor of 4294816 and 32.
32
What is the greatest common divisor of 727403 and 9991?
97
What is the greatest common divisor of 6 and 3813441?
3
Calculate the greatest common divisor of 169160664 and 5352.
5352
Calculate the greatest common divisor of 756 and 4228644.
84
What is the highest common factor of 1485 and 20053660?
55
What is the highest common factor of 429768 and 10818?
18
Calculate the highest common divisor of 211955 and 1405.
5
Calculate the highest common factor of 1868280 and 360.
120
Calculate the greatest common factor of 14918 and 3.
1
What is the greatest common factor of 69978 and 1998951?
327
What is the highest common factor of 290989 and 9299?
17
Calculate the greatest common divisor of 264779 and 39.
1
Calculate the greatest common divisor of 51780015 and 13230.
2205
What is the greatest common factor of 48904014 and 438?
438
Calculate the highest common divisor of 69106 and 207100.
218
Calculate the highest common factor of 32 and 20451312.
16
What is the highest common factor of 108744 and 5949400?
1576
What is the highest common divisor of 1106432 and 18944?
512
Calculate the greatest common divisor of 6680 and 197945768.
1336
Calculate the highest common factor of 20142204 and 1169.
167
What is the greatest common factor of 1224510 and 69139?
833
What is the greatest common factor of 152 and 610016?
8
Calculate the greatest common divisor of 675 and 10660025.
25
What is the greatest common factor of 31824009 and 46596?
1059
What is the greatest common divisor of 17160 and 230490?
390
Calculate the greatest common factor of 24934208 and 572.
52
Calculate the highest common factor of 305 and 375835.
5
Calculate the highest common divisor of 504910 and 945.
35
What is the greatest common divisor of 1152 and 248723064?
72
What is the highest common divisor of 700 and 81499628?
28
What is the highest common factor of 128297396 and 366?
122
What is the highest common factor of 121437 and 1012761?
1179
What is the greatest common divisor of 813 and 221258763?
813
Calculate the greatest common factor of 168 and 5804757.
21
Calculate the highest common divisor of 7414800 and 223850.
1850
What is the greatest common factor of 54 and 106662186?
18
What is the highest common factor of 1560 and 4693312?
104
What is the greatest common factor of 1651720 and 1632680?
4760
Calculate the greatest common factor of 430 and 32135620.
430
Calculate the highest common factor of 14517932 and 260.
52
Calculate the greatest common factor of 1054 and 13564453.
527
Calculate the highest common divisor of 1239712 and 30400.
608
What is the greatest common divisor of 12374 and 575?
23
What is the highest common factor of 6746269 and 2588?
647
Calculate the highest common factor of 27715560 and 5.
5
Calculate the greatest common divisor of 1910 and 1487210.
10
What is the greatest common factor of 18592 and 3388392?
4648
What is the highest common divisor of 299698 and 5614?
14
Calculate the greatest common factor of 183526 and 1918.
14
Calculate the highest common factor of 1114160 and 1615.
95
Calculate the greatest common factor of 531744 and 192.
96
Calculate the highest common divisor of 1660545 and 5310.
45
What is the highest common divisor of 2466288 and 2013?
33
What is the greatest common factor of 7447741 and 42?
7
What is the greatest common divisor of 35629148 and 2?
2
What is the highest common divisor of 223922 and 3599026?
206
What is the highest common factor of 39693 and 5189565?
393
Calculate the greatest common divisor of 1157 and 1066715.
13
What is the greatest common factor of 24054 and 412951054?
8018
Calculate the greatest common factor of 96047458 and 26.
26
What is the greatest common factor of 1568 and 